r when v is divided by l?
19
Let u(r) = -r**2 + 8*r + 5. Let l be u(8). Suppose 36 = l*x - 3*k, -3*x + k + 33 = 3*k. What is the remainder when x is divided by 3?
0
Let w(o) = 2*o**2 - 6*o + 5. Let x be w(4). Suppose -2*v + x = -v. Calculate the remainder when 24 is divided by v.
11
Suppose -5*z = 15, 6*z = 2*n + 2*z - 18. Let c = 6 + -10. Let q = c + 8. What is the remainder when q is divided by n?
1
Let a = 10 + 4. What is the remainder when a is divided by 5?
4
Suppose o = 5*u + 545, -u = -o - 2*o + 123. What is the remainder when 47 is divided by (u/(-30))/(6/20)?
11
Let s(a) = -7*a + 7. Calculate the remainder when s(-6) is divided by (-2)/(6/3)*-13.
10
Let v = 116 + -68. Calculate the remainder when v is divided by 17.
14
Let b(u) = -3*u**2 - 2*u + 1. Let y be b(1). Let x be 9*(0 - (3 + -6)). Calculate the remainder when 8 is divided by x/6 - 2/y.
3
Suppose -5*x - 8 = 12. Suppose -5*m + 5 = -15. Calculate the remainder when m is divided by (9/6)/((-2)/x).
1
Suppose c + 0*c = 18. Let w be (-1 + 2)/(-1)*4. Calculate the remainder when ((-2)/w)/(1/70) is divided by c.
17
Let w(f) = -3*f**2 - 6*f + 5. Let b(r) = -r**2 + 1. Let l(z) = 4*b(z) - w(z). Calculate the remainder when (1 - -8) + 2/1 is divided by l(5).
3
Let p = -39 - -65. What is the remainder when 50 is divided by p?
24
Let m(j) = -4*j**2 + 4*j - 9. Let p(z) = 11*z**2 - 13*z + 27. Let y(w) = 8*m(w) + 3*p(w). Suppose 1 + 11 = 2*n. What is the remainder when 7 is divided by y(n)?
1
Let a(z) = -18*z**3 - 2*z - 1. What is the remainder when 54 is divided by a(-1)?
16
Suppose 2*s = 18 + 12. What is the remainder when 44 is divided by s?
14
Let c = -64 - 48. What is the remainder when 6 is divided by 1/(-3) + c/(-21)?
1
Let q(x) = 2*x**2 - 2*x - 1. Let z be q(-1). Let a be 6*(z + 0 + -2). Let m = a - 5. Calculate the remainder when 2 is divided by m.
0
Suppose -3*x - x + 64 = 0. What is the remainder when 78 is divided by x?
14
Let j = -35 + 50. What is the remainder when 164 is divided by j?
14
Let r(c) = -3*c**3 + c**2 + c + 1. Let g be r(-1). Suppose -4*m - 12 = -g*t, 7*m = 3*m - 8. What is the remainder when 43 is divided by t/((4/2)/30)?
13
Let y(b) = -b**2 + 11*b - 7. Let i = 8 - 8. Suppose -3*a = -5*u + 256, a - 98 = -2*u - i*u. What is the remainder when u is divided by y(8)?
16
Let c(m) = m**3 + 5*m**2 - 6*m - 1. What is the remainder when c(-5) is divided by 15?
14
What is the remainder when 7 is divided by (-14)/77 + 24/11?
1
Let f(k) = -k**2 + 10*k - 13. Calculate the remainder when 39 is divided by f(7).
7
Suppose 2*j = 4*j - 5*y - 11, -4*j - 4*y = -64. Suppose 15 = -2*z - z, n - 43 = z. What is the remainder when n is divided by j?
12
Let d = -21 - -37. What is the remainder when 30 is divided by d?
14
Let p = 39 + -23. Calculate the remainder when p is divided by 9.
7
Suppose 0 = -2*j + 32. Calculate the remainder when 45 is divided by j.
13
Let k(z) = z**2 - 3*z + 10. Let w be k(8). Suppose -61 = -3*f + w. Suppose -76 = -4*y + 2*v, y + v - 3*v - 19 = 0. What is the remainder when f is divided by y?
18
Suppose 4*u + 12 = -4. Let v(r) = -r**3 - 2*r**2 + 4*r + 1. Let i = 0 - -6. Calculate the remainder when v(u) is divided by i.
5
Let c = -63 + 89. Calculate the remainder when c is divided by 10.
6
Let y(t) = t**2 + 4*t. Let h be y(-4). Suppose s + 20 = -4*s, h = 4*l - s - 36. What is the remainder when 30 is divided by l?
6
Let q(t) = -t**2 + 11*t + 4. Calculate the remainder when q(9) is divided by 12.
10
Let j be 0 + 2 - (-8 + 3). Suppose 5 = -2*v + j. Calculate the remainder when 33*v/(3/2) is divided by 12.
10
Let m(x) = -x**3 - 17*x**2 - 17*x - 12. Let d = -7 - -2. Let z(i) = -2*i + 1. What is the remainder when z(d) is divided by m(-16)?
3
Let g = 7 - 2. Suppose 2*h - 5*w + 2 = -0, -g*w + 18 = 2*h. Suppose -5*i - 17 = -h*q, q + q - 1 = -5*i. Calculate the remainder when 7 is divided by q.
1
Let l(s) = -20*s - 64. Calculate the remainder when 28 is divided by l(-4).
12
Let p = 64 - 46. Let t = 183 + -128. What is the remainder when t is divided by (-3)/9*-3 + p?
17
Suppose g + 3*i = 0, 4*g + 6*i = i + 21. Suppose 2*r - 27 = -g. What is the remainder when (-130)/4*(-4)/5 is divided by r?
8
Let s = -41 + 13. Let b = -13 - s. Calculate the remainder when 27 is divided by b.
12
What is the remainder when 43 is divided by (3/6)/((-4)/(-120))?
13
Let o = -73 + 114. What is the remainder when 80 is divided by o?
39
What is the remainder when 56 is divided by 2 + 4 + 26 - 3?
27
Suppose -4*t + 4 = -8. Let b = t - -9. Let k = 15 + b. What is the remainder when k is divided by 14?
13
Let i(u) = -u**3 - u**2 + 6. Let q be i(0). Suppose -5*g + 25 = 2*h, 2*h - q*h + 20 = 0. Let m = 6 - g. What is the remainder when 8 is divided by m?
2
Suppose -i + 110 = -2*j, -i + 8*j - 3*j = -119. Let o be (9/6)/(3/i). Suppose 4*k + 0*k = -2*h + o, 4*h + 4 = k. What is the remainder when 21 is divided by k?
9
Let x be 71/4 - (-18)/(-24). Suppose -2*z = -r - x, -5 + 13 = -z - 5*r. What is the remainder when 10/(-3)*(-3 - 3) is divided by z?
6
Calculate the remainder when (-6)/(-36) + 922/12 is divided by 21.
14
Let j(n) = -10*n - 82. Calculate the remainder when j(-14) is divided by 15.
13
Let i be -2 + (2*3)/3. Suppose -6 = c - i. Let p = c - -10. What is the remainder when 6 is divided by p?
2
Suppose 0 = -3*r - 63 + 333. What is the remainder when r is divided by 23?
21
Let g = -40 + 54. Calculate the remainder when 165 is divided by g.
11
What is the remainder when 1/(-1)*-1*2 is divided by 6/2 + 3 + -5?
0
Let s be (-7)/((-14)/(-12)) + -3. Let n = s - -11. What is the remainder when 5 is divided by n?
1
What is the remainder when 57 is divided by (-4 + -8)/(3 + -2 + -2)?
9
Let w be -10 + (3 - (1 + 3)). What is the remainder when (1 - -38) + 13 + w is divided by 14?
13
Let w = -11 - -14. Let q(n) = n**2 + 3*n + 5 + n**2 - 3 - n**3. Calculate the remainder when 3 is divided by q(w).
1
Let d(f) = -f + 3. Let g be d(-7). Let b = g + -4. Calculate the remainder when 23 is divided by b.
5
Suppose 0 = 2*r - 8*r + 348. Calculate the remainder when r is divided by 12.
10
Let r(b) = -3*b + 2. Let l be r(-3). Suppose 5*w + 54 - 1 = 3*z, 0 = z - 5*w - l. Let i = z + -1. Calculate the remainder when i is divided by 7.
6
Suppose -15*j - 45 = -18*j. Calculate the remainder when 42 is divided by j.
12
Let t = -2 - -2. Suppose -5*h - 5*w + 70 = t, 3*h - 5*w - 2 = 4*h. Calculate the remainder when 52 is divided by h.
16
Suppose 2*o - o = 3*u + 7, -5*u - 11 = -o. What is the remainder when 20 is divided by 4/(-6)*21/u?
6
Let t be (-4)/(-6) + 84/9. Suppose -2*j + 30 = -t. Calculate the remainder when j is divided by 0/(21/3) - -11.
9
Suppose 20*s + 30 = 26*s. Suppose -j + 0*j + 9 = 0. What is the remainder when j is divided by s?
4
What is the remainder when 131 is divided by ((-66)/(-9))/(13/3 - 4)?
21
Let l = 49 + -2. Suppose 5*u = 3*s + 83, 5*u - 14 = 4*s + 70. What is the remainder when l is divided by u?
15
Let v = 22 - 20. What is the remainder when 3 is divided by v?
1
Suppose -4*j - 5*j = -108. Calculate the remainder when 71 is divided by j.
11
Let m(u) = -u**3 - 5*u**2 + 5*u + 2. Let t be m(-5). Suppose -5*i - 45 = -240. Let x = i + t. Calculate the remainder when 61 is divided by x.
13
Let l(v) = v - 10. Let k be l(7). Let f be -6*1/(-1) - 1. Let m = f + k. What is the remainder when 2 is divided by m?
0
Suppose 0 = -5*m + 137 + 93. What is the remainder when m is divided by 16?
14
Let a = -87 - 28. Calculate the remainder when a/(-4) + 3/12 is divided by 15.
14
Let s = 7 + 15. Let n = s - 16. Calculate the remainder when 22 is divided by n.
4
Suppose -v = -4*v - k + 20, -k = 5*v - 30. Suppose -v*n + 9 = -l, 4*l = 7*l + 3*n - 9. Calculate the remainder when l is divided by 1.
0
Let i = 0 - 2. Let k = 10 - -3. Calculate the remainder when k is divided by 4/1 + (1 - i).
6
Let z(x) = x**3 - 5*x**2 - 5*x - 5. Let t be z(6). Suppose -3*v + 4 = t. Calculate the remainder when v is divided by 1.
0
Let f(x) = 4*x + 10. Let m(v) = -v. Suppose 0 = 3*n + 3*a + 18, 2*n - 2 - 14 = 5*a. Let u(l) = n*m(l) - f(l). What is the remainder when 10 is divided by u(-7)?
2
Suppose 2*b - 6*b - 251 = -5*z, -b = 2*z - 90. Suppose -5 = 5*w - 5*j - 115, -4*w + 2*j + 78 = 0. Let g = w + -1. What is the remainder when z is div